1 composite?
True
Is 42974021 prime?
True
Is 7590955 a prime number?
False
Is 19311401 a composite number?
True
Is 24920023 a composite number?
False
Is 1357441 a composite number?
True
Is 994648771 a composite number?
False
Is 2020951 prime?
False
Is 10657057 prime?
True
Is 2367985 a prime number?
False
Is 35324831 composite?
False
Is 162356707 composite?
False
Is 264873067 composite?
False
Is 3014755 a composite number?
True
Is 16581349 a prime number?
True
Is 1107731 a composite number?
True
Is 3933823 a composite number?
False
Is 21484961 a prime number?
False
Is 31745951 a composite number?
False
Is 5250617 a prime number?
True
Is 5031353 composite?
False
Is 6074021 a composite number?
True
Is 187314397 composite?
True
Is 614192237 a prime number?
True
Is 4117483 prime?
False
Is 6790501 composite?
False
Is 2084683 prime?
False
Is 295886047 a prime number?
False
Is 1350641 composite?
False
Is 103950287 a prime number?
False
Is 10284191 prime?
True
Is 53860453 a prime number?
False
Is 22880549 a prime number?
False
Is 69228919 prime?
False
Is 28539547 composite?
False
Is 3438835 prime?
False
Is 1534727 a composite number?
False
Is 7052313 a prime number?
False
Is 22825241 prime?
True
Is 16176313 prime?
True
Is 35232779 a prime number?
True
Is 432772039 a composite number?
True
Is 2813354 composite?
True
Is 203713 composite?
False
Is 13637501 a prime number?
True
Is 2787227 prime?
True
Is 730512449 a composite number?
False
Is 134 a composite number?
True
Is 969827 a prime number?
False
Is 193909 a prime number?
False
Is 18923 composite?
True
Is 12847567 prime?
True
Is 7169362 composite?
True
Is 1861219 a prime number?
True
Is 8093333 a composite number?
False
Is 1474633 composite?
False
Is 243847 a composite number?
True
Is 32189677 prime?
False
Is 106963651 prime?
False
Is 1242331 a prime number?
False
Is 4842191 a composite number?
True
Is 121823011 a composite number?
False
Is 2379851 composite?
False
Is 69171617 a prime number?
True
Is 528631811 composite?
True
Is 11329349 prime?
True
Is 4095163 a composite number?
False
Is 87758731 a composite number?
True
Is 675501 composite?
True
Is 5318141 composite?
False
Is 443953 composite?
False
Is 438827 prime?
True
Is 82319161 composite?
False
Is 83313017 composite?
False
Is 1277963 prime?
False
Is 4581029 a composite number?
True
Is 44040674 a prime number?
False
Is 9159119 a composite number?
False
Is 570959869 prime?
False
Is 2155003 composite?
False
Is 121018615 composite?
True
Is 331831771 composite?
True
Is 253280743 prime?
False
Is 16798651 a prime number?
True
Is 6622618 a composite number?
True
Is 321269599 a composite number?
True
Is 15412501 prime?
False
Is 3217693 a composite number?
False
Is 19460449 prime?
True
Is 4447399 composite?
True
Is 33177329 prime?
True
Is 106137033 prime?
False
Is 2012057 composite?
False
Is 4103061 a composite number?
True
Is 9456757 a composite number?
False
Is 91129007 composite?
True
Is 9855829 prime?
False
Is 28675691 a prime number?
False
Is 4510501 prime?
True
Is 131560333 a prime number?
False
Is 15067487 a prime number?
True
Is 151657043 prime?
False
Is 57623 a composite number?
True
Is 6575797 prime?
True
Is 58314449 composite?
False
Is 2410249 a prime number?
True
Is 3505877 a prime number?
False
Is 4183621 prime?
False
Is 6547 prime?
True
Is 368441581 prime?
False
Is 307263157 a prime number?
True
Is 7688405 composite?
True
Is 26178763 a prime number?
False
Is 5894695 a composite number?
True
Is 139664659 composite?
False
Is 6370099 composite?
False
Is 57937658 a composite number?
True
Is 5925797 a prime number?
True
Is 132877289 a prime number?
False
Is 41274653 a composite number?
True
Is 53724959 prime?
True
Is 2063335 a prime number?
False
Is 113119689 prime?
False
Is 6108961 prime?
False
Is 2773817 prime?
True
Is 4834757 prime?
False
Is 3716099 a prime number?
False
Is 10312339 a prime number?
False
Is 296515483 a composite number?
True
Is 14834923 composite?
True
Is 6834437 a prime number?
False
Is 86199811 a composite number?
False
Is 12812227 a prime number?
True
Is 466860883 a composite number?
False
Is 3224983 a composite number?
True
Is 1644161 a composite number?
True
Is 44306013 composite?
True
Is 50479357 composite?
False
Is 901367 a prime number?
True
Is 22108417 a prime number?
True
Is 5477923 a composite number?
True
Is 1254863 composite?
False
Is 1067333 a composite number?
True
Is 32075881 prime?
False
Is 183041591 composite?
True
Is 136900171 prime?
False
Is 1309523 composite?
True
Is 680371 prime?
False
Is 71814763 prime?
False
Is 13315177 a prime number?
True
Is 4178437 composite?
True
Is 186551699 prime?
True
Is 273510199 a prime number?
False
Is 146214601 a composite number?
True
Is 2235469 a composite number?
False
Is 89480669 a prime number?
False
Is 1869667 a composite number?
True
Is 195721073 prime?
False
Is 119448629 composite?
True
Is 34694749 composite?
True
Is 804492103 a prime number?
False
Is 5235481 prime?
True
Is 191844049 prime?
True
Is 2216363 prime?
True
Is 32087849 a prime number?
True
Is 275003 composite?
False
Is 1471471 a composite number?
True
Is 6111967 prime?
True
Is 25932563 composite?
False
Is 325565783 composite?
False
Is 12514967 prime?
False
Is 622067 a composite number?
False
Is 39268849 prime?
False
Is 8619499 prime?
False
Is 193846421 composite?
False
Is 5194523 composite?
True
Is 3366283 prime?
True
Is 168235703 prime?
True
Is 32603434 a composite number?
True
Is 1943693 a prime number?
True
Is 10954123 prime?
True
Is 27331571 a prime number?
True
Is 3298349 a composite number?
True
Is 156785 composite?
True
Is 139471 prime?
False
Is 3095063 a prime number?
True
Is 1694117 composite?
True
Is 6159227 a composite number?
True
Is 1932563 composite?
False
Is 4108439 a prime number?
True
Is 22543483 a composite number?
True
Is 268555073 a composite number?
True
Is 923501 composite?
False
Is 75986821 a composite number?
True
Is 2464153 prime?
True
Is 4569874 a prime number?
False
Is 644021 prime?
False
Is 12721327 prime?
False
Is 1132493 a composite number?
True
Is 226632533 a composite number?
False
Is 6855931 composite?
False
Is 119648311 a prime number?
True
Is 6571391 prime?
False
Is 32606987 prime?
False
Is 845878193 a prime number?
True
Is 20760929 a prime number?
False
Is 335557877 a prime number?
False
Is 3398291 a composite number?
True
Is 1197574783 composite?
False
Is 4764293 a prime number?
True
Is 774103 a prime number?
False
Is 9500861 a composite number?
False
Is 243887 prime?
False
Is 3896861 prime?
True
Is 57620117 prime?
False
Is 196005001 prime?
True
Is 13743383 a prime number?
True
Is 364444193 composite?
True
Is 1550897 a composite number?
False
Is 2613817 composite?
False
Is 6211831 a composite number?
False
Is 360269623 a prime number?
False
Is 145096691 composite?
True
Is 26000321 a prime number?
True
Is 55684717 a prime number?
False
Is 111358649 prime?
True
Is 1952611 composite?
True
Is 3971993 a composite number?
False
Is 4052461 prime?
False
Is 3051071 composite?
False
Is 10546109 composite?
True
Is 3539854 composite?
True
Is 782522707 composite?
False
Is 12899687 prime?
True
Is 39138703 a composite number?
False
Is 1627469707 a composite number?
False
Is 605056277 composite?
True
Is 120401 prime?
True
Is 772619 a composite number?
False
Is 8384329 a prime number?
False
Is 166945241 a composite number?
True
Is 303095801 a composite number?
True
Is 93251483 a composite number?
True
Is 528551311 prime?
True
Is 56553349 a prime number?
False
Is 340122727 a composite number?
True
Is 21283397 a prime number?
True
Is 25277111 a composite number?
True
Is 24394177 composite?
False
Is 25033483 prime?
False
Is 61768045 a prime number?
False
Is 465887 a composite number?
False
Is 13777102 prime?
False
Is 11620529 composite?
False
Is 60086459 prime?
True
Is 197528273 a prime number?
True
Is 58494329 a prime number?
True
Is 70728641 a prime number?
True
Is 415025509 composite?
False
Is 176465197 composite?
True
Is 557034623 a prime number?
True
Is 85725845 composite?
True
Is 18401758 prime?
False
Is 1304822 a prime number?
False
Is 32304533 prime?
False
Is 9384581 a prime number?
True
Is 435119331 prime?
False
Is 119653657 prime?
False
Is 232691003 composite?
True
Is 309846